 + 2. Let k = -36 - -45. Suppose 3 - k = -3*n. Calculate g(n).
6
Let k(f) = 46 - 5*f - 15 - 25. Give k(7).
-29
Suppose 794 - 46 = -44*l. Let f(n) = n**2 + 18*n + 19. What is f(l)?
2
Let h(u) = -u**2 + 3*u + 1. Let r be h(2). Let o(t) be the second derivative of 37*t - 1/12*t**4 + 0 + 1/6*t**3 + 2*t**2. Give o(r).
-2
Let d(i) = -335*i**2 + 333*i**2 + i**3 - 2*i - 3 + 4*i. Suppose 2*w - 8 = -2. Determine d(w).
12
Let n(f) = 6*f**2 - f + 8. Let b(j) = -j**2 - j - 1. Let d(y) = -5*b(y) - n(y). Let u be ((-119)/34)/((-2)/4). Give d(u).
-10
Let r(o) = 5*o**2 + 1914 - 1913 - 6*o - 4*o**2. Give r(6).
1
Let o(c) = -5*c**2 - c**3 - 74 + c**2 + 81 + 3*c. Let g(u) = u**3 + 5*u**2 - 3*u - 7. Let x be g(-5). Suppose -x = 2*d + 2. Determine o(d).
17
Let i(a) = -a**3 - 8*a**2 - a - 11. Let c be i(-8). Let f(z) = 2*z - 2 + z**2 + 4*z - 15*z + 7*z + 4*z. Determine f(c).
1
Suppose -15*m - 12 = -72. Let r(l) = 2*l**2 - 8*l - 4. Calculate r(m).
-4
Let b(z) = z + 2. Let p(l) = 1. Suppose 0 = -2*x + 4*w - 14, -7*x - 16 = -9*x - 2*w. Let r(d) = x*p(d) - 2*b(d). What is r(1)?
-3
Let v(j) = 15*j**3 + 21*j**2 - 10*j + 2. Let r(w) = 7*w**3 + 10*w**2 - 5*w + 1. Let l(o) = 13*r(o) - 6*v(o). What is l(-4)?
21
Let t(m) be the third derivative of 1/60*m**5 + 0 - 1/8*m**4 + 1/6*m**3 + 0*m - 6*m**2. Give t(4).
5
Let t(b) = -b**3 + 5*b**2 - 3*b. Let i be (-2)/((20/4)/(-310)). Let u = 128 - i. What is t(u)?
4
Let l(w) = -4*w - 8. Let r(x) = 3*x + 10. Let k(p) = 5*l(p) + 4*r(p). Determine k(-1).
8
Let g(o) = -2*o**2 - 21*o - 4. Let m be g(-10). Let i(b) = b - 13. Give i(m).
-7
Let g(b) = b**3 + 4*b**2 + 4*b + 4. Suppose 5*c = -0*y + 3*y - 6, c + 15 = -4*y. What is g(c)?
1
Let k(q) = -16*q**3 + 6*q**2 + 11*q + 8. Suppose 20 = -2*x - 2. Let v(f) = -5*f**3 + 2*f**2 + 4*f + 3. Let u(r) = x*v(r) + 4*k(r). Let l = 3 - 4. Give u(l).
10
Let l(o) = -o**3 + 3*o**2 + o + 4. Suppose 3*j + 5*w = -11, -5*j - 2*w + 3 = w. What is l(j)?
7
Let s(j) = j**2 - 9*j + 14. Let d(h) = -h**3 - 2*h**2 - 10*h - 119. Let x be d(-5). Determine s(x).
-4
Let z(k) = -54*k + 34*k + 32*k - 13*k**2 + 14*k**2 + 7. Give z(-9).
-20
Suppose 0*q - q = -4. Suppose -4*w = -d + q*d - 32, -8 = -2*d. Let t(p) = 7 - p**2 + 2*p - 9 + w. Calculate t(-2).
-5
Let f(r) = -3*r + 6. Let a(l) = -l**3 + l**2 + l + 19. Let p be a(3). Calculate f(p).
-6
Suppose -14 = -2*h - 4. Let n(r) = h - 4*r**2 + r**3 - 3 + 6 + 10*r**2 + 2*r. Determine n(-6).
-4
Suppose -j - 2 + 2 = 0. Let v(f) = 6*f + 1 + 3*f + f + j*f. What is v(1)?
11
Suppose 5*v + 18 = 23. Let t be 1/(v*(-2)/(-16)). Suppose 0 = 4*y - 0*y + t. Let d(u) = u**2 - 2*u - 2. Give d(y).
6
Let m(d) be the first derivative of d**7/140 - d**6/360 - d**3 - 10. Let w(b) be the third derivative of m(b). Determine w(-1).
-7
Let u(o) = 9*o + 6 - 3*o**2 - 3*o**2 + 7*o**2. What is u(-8)?
-2
Let k(t) = -t**3 + t**2 - 2. Let q be (1 - (1 - 1))/(-1). Let u(j) be the first derivative of -j**4/4 + 2*j**3/3 + j**2 + j + 16. Let c be u(q). Calculate k(c).
-6
Let t(p) be the second derivative of 3*p**5/20 - p**4/12 - 2*p**3/3 + 3*p**2/2 + 35*p + 2. Determine t(2).
15
Let n(p) = -2*p - 1. Suppose 7*v - 5*v = 4. Suppose 2*k - 48 = -v*k + 3*x, -5*k = 4*x - 29. Suppose -k*z = -5*z - 4. Give n(z).
-3
Let r = -18 - -13. Let u(q) = 2*q + 4. Let p(f) = 4*f + 7. Let n(c) = r*u(c) + 2*p(c). Give n(-5).
4
Let q(k) = 17*k - 72. Let u(x) = -7*x + 36. Let l(c) = -3*q(c) - 7*u(c). Give l(-19).
2
Let m(z) be the second derivative of z**5/20 + 2*z**4/3 - 3*z**3/2 + 3*z**2/2 - 3*z - 4. Determine m(-9).
3
Let c(s) = -s**2 + s + 7. Let j(a) = a**3 - 6*a**2 + 8*a + 3. Let q be j(4). Let l be c(q). Let g(y) = 5*y - 1. Calculate g(l).
4
Let d(t) be the third derivative of 0*t + 1/6*t**3 + 0 - 1/30*t**5 - 10*t**2 + 1/60*t**6 + 0*t**4. Determine d(2).
9
Let r(k) = k**3 + 18*k**2 - 19*k - 10. Let n = 920 + -939. Give r(n).
-10
Let q(z) be the second derivative of z**4/12 + 5*z**3/6 + 5*z**2 - z + 2. Determine q(-5).
10
Let l(o) be the first derivative of -o**2/2 - 9*o + 961. Give l(-3).
-6
Let r(l) = 2*l + 12. Suppose 0 = 5*n - 5*u + 21 - 6, 3*n - 1 = 5*u. Give r(n).
-4
Let a(w) be the second derivative of w**4/12 + w**3 + 3*w**2/2 - 2*w + 10. Give a(-5).
-2
Let o(p) = -p**2 + 6*p + 5. Suppose 0*c - 84 = -3*c. Suppose 3*a = 10*a - c. Suppose -5*l + a*x - 2*x = -36, 15 = 3*l + x. Determine o(l).
5
Let b(k) be the third derivative of 0 + 0*k + 1/24*k**4 - 5/6*k**3 + 11*k**2. Calculate b(11).
6
Suppose 11*f = 17*f - 48. Let b(h) = -h**2 + 8*h - 3. Give b(f).
-3
Let m(b) = 6 + b - 3*b + b. Let k be m(11). Let d(t) = -4*t - 1. Give d(k).
19
Let c(b) be the third derivative of 0 + 0*b - 5/24*b**4 + b**2 - 1/60*b**5 + 0*b**3. Let h be (6 - -1)*90/(-105). Give c(h).
-6
Let p(z) = 1 + 3*z - 19*z + 0*z - 5 + 18*z. Calculate p(7).
10
Suppose -9 = -4*g - p, 0 = 2*g + p - 1 - 4. Let h be 2/2 + 4/4. Let b(f) = 5*f**3 + 2*f**g - 3*f**2 - h + 3. Calculate b(1).
5
Let x(f) = -f**2 + f - 3. Let y = -25 + 40. Let g = -13 + y. Suppose 0*b - g*b + 6 = 0. What is x(b)?
-9
Suppose -43 = -3*h - 4. Suppose -8*s = -h*s. Let x(t) = 4 - t**3 - 3*t**2 - 10 + s*t**3 + 5*t - 3*t**2. Determine x(-7).
8
Let m be (-255)/(-120) - 3/24. Let g(j) = -2*j**2 + j + 2. What is g(m)?
-4
Let r(w) = 4. Let h(a) = 4*a - 26. Let j(s) = h(s) + 2*r(s). Give j(7).
10
Let j(r) = 346*r**2 + 4 - 9*r - 2 - 349*r**2 + 6*r. Suppose 0 = d + d + 6. Determine j(d).
-16
Suppose -3*h + p = 2, 0 = 4*h + p + 6 + 6. Let l = 0 - h. Let a(x) = 2*x + 2. What is a(l)?
6
Let l be (-4 - (2 + -4))*(-4 + 2). Suppose -o - v = v - 6, -o = -l*v + 18. Let y(i) = 5*i**2 - 3*i**3 - 3*i**2 + 2*i**3 + 2*i. Determine y(o).
12
Suppose 2 - 1 = s. Suppose -a + 0*a = -s. Let p(t) be the third derivative of -t**5/15 + t**4/12 - t**3/6 - 18*t**2. Give p(a).
-3
Let n(r) = -9*r - 23. Let y(p) = -4*p - 12. Let m(j) = -3*n(j) + 7*y(j). Let a = 14 + -27. Let v be m(a). Let w(f) = -f. Calculate w(v).
2
Let r(c) = 0*c**3 - 4 - 37*c**2 + 5*c + 1 + 3*c**3 + 68*c**2 - 34*c**2. Calculate r(1).
2
Let o(y) be the third derivative of -y**6/120 - y**5/15 + y**4/24 - y**3/3 - 191*y**2. Give o(-5).
18
Let a(k) = 2*k**3 + 4*k**2 + 5*k + 1. Let m(x) = -x**3 + 2*x**2 + 1. Let h(t) = a(t) + m(t). Give h(-5).
2
Let i = -5 + 0. Let d(p) = -8 - p**2 + 390*p - 5 - 2 - 394*p + 11. Calculate d(i).
-9
Let t be (-1)/(-2) - (-11)/2. Suppose 22 = t*x - 14. Let a(y) = -3*y - 1 - y**2 + 9*y + 2. Determine a(x).
1
Suppose 0 = -0*i - 3*i - 15. Let p(g) = 7*g + 13. Let u be (-1)/(((-4)/(-3))/(-4)). Let q(l) = 4*l + 7. Let y(m) = i*q(m) + u*p(m). What is y(3)?
7
Let v(w) = 49*w. Let t(n) = -22*n**2 - 45*n - 1. Let h be t(-2). What is v(h)?
49
Let i(s) = 9*s**3 - 3*s**2 + 12*s - 2. Let x(z) = -5*z**3 + z**2 - 6*z + 1. Let g(o) = -4*i(o) - 7*x(o). Let w = 9 - -3. Let m = w - 8. Give g(m).
-7
Let l be ((-4)/9)/((-4)/18). Let o(f) = f**2 - 4*f - 3 - 2 + l. Give o(5).
2
Let l = 0 + -2. Let f(o) be the third derivative of -o**6/40 - o**5/15 - o**4/8 - o**3/6 + o**2 + 178*o. Calculate f(l).
13
Let p = 546 - 550. Let f(i) = -i**3 - 4*i**2 - 2*i - 7. What is f(p)?
1
Suppose -3*j + 37 - 97 = 0. Let y be (-44)/j - (-3)/(-15). Let t(g) = -7*g**2 - 3 + 7*g**2 + 2*g**y - g**2. What is t(-3)?
6
Let s(l) be the first derivative of -2*l**3/3 + l - 2. Suppose -2*q + 5*r + 17 = -4*q, -r - 5 = 2*q. What is s(q)?
-1
Let t = 138 + -124. Let p(d) = -d**2 + 12*d + 19. Let h be p(t). Let y(q) = -q - 19. What is y(h)?
-10
Let o(x) = 8*x - 3. Let p be ((-5)/(-2))/((1645/84)/47). Calculate o(p).
45
Let s(z) = z**3 - 7*z**2 + 6*z + 1. Let p be 1 + 4 - (0 + 0 - 2). Suppose p = -3*d + 25. Give s(d).
1
Let a(s) = -2*s - 2. Suppose -5*m = 2*c + 2*c + 103, 5*m + 3*c + 101 = 0. Let t = m - -13. What is a(t)?
10
Let o(z) be the first derivative of 1 - 12*z - 1/2*z**2. Calculate o(-7).
-5
Let p(u) be the second derivative of 0 + 7/2*u**2 - 1/12*u**4 - u**3 + 10*u. Determine p(-7).
0
Let x(r) = r + 6. Let w(z) = z**3 + 6*z**2 - 9*z - 7. Suppose 18*f - 15*f = -21. Let t be w(f). Let m = t + -13. Calculate x(m).
0
Let a(k) be the third derivative of -k**4/4 + k**3/2 - 2*k**2. Suppose -7*w = -6*w - 7. Let g = 9 - w. Determine a(g).
-9
Let k(f) be the first derivative of -f**2/2 - f + 4. Suppose 2*n + 3*v - 14 = 0, -v - 30 = -5*n - 6*v. Suppose n*p = 5*j + 14, 0 = 3*j - 2*j + 2. Give k